the remainder when 117243 is divided by 410?
393
Calculate the remainder when 4699 is divided by 2321.
57
Calculate the remainder when 24432 is divided by 158.
100
What is the remainder when 1216321 is divided by 11?
7
Calculate the remainder when 2586 is divided by 22.
12
Calculate the remainder when 15803 is divided by 22.
7
Calculate the remainder when 275 is divided by 24.
11
Calculate the remainder when 210 is divided by 183.
27
What is the remainder when 954 is divided by 317?
3
What is the remainder when 524 is divided by 78?
56
Calculate the remainder when 18180 is divided by 1010.
0
Calculate the remainder when 19844 is divided by 4960.
4
Calculate the remainder when 41411 is divided by 5915.
6
What is the remainder when 4081 is divided by 20?
1
What is the remainder when 173243 is divided by 57747?
2
What is the remainder when 3771 is divided by 577?
309
What is the remainder when 5997 is divided by 1143?
282
Calculate the remainder when 4038 is divided by 2712.
1326
Calculate the remainder when 548253 is divided by 5.
3
What is the remainder when 4731 is divided by 41?
16
Calculate the remainder when 2202 is divided by 1094.
14
Calculate the remainder when 422529 is divided by 99.
96
What is the remainder when 6445 is divided by 459?
19
Calculate the remainder when 213819 is divided by 93.
12
Calculate the remainder when 92542 is divided by 962.
190
Calculate the remainder when 20583 is divided by 131.
16
Calculate the remainder when 238029 is divided by 228.
225
Calculate the remainder when 903 is divided by 224.
7
Calculate the remainder when 1274249 is divided by 375.
374
Calculate the remainder when 6829 is divided by 90.
79
Calculate the remainder when 4824 is divided by 784.
120
Calculate the remainder when 21074 is divided by 465.
149
Calculate the remainder when 15061 is divided by 94.
21
What is the remainder when 31050 is divided by 7760?
10
Calculate the remainder when 164819 is divided by 386.
383
What is the remainder when 17579 is divided by 5857?
8
Calculate the remainder when 397 is divided by 103.
88
Calculate the remainder when 1500 is divided by 536.
428
What is the remainder when 10266 is divided by 73?
46
Calculate the remainder when 14 is divided by 4.
2
What is the remainder when 1916 is divided by 358?
126
What is the remainder when 730 is divided by 362?
6
Calculate the remainder when 37375 is divided by 63.
16
What is the remainder when 863370 is divided by 28?
18
What is the remainder when 13449 is divided by 1720?
1409
Calculate the remainder when 568153 is divided by 181.
175
What is the remainder when 183367 is divided by 55?
52
Calculate the remainder when 9724 is divided by 134.
76
What is the remainder when 534320 is divided by 267159?
2
Calculate the remainder when 22001 is divided by 131.
124
What is the remainder when 104264 is divided by 45?
44
Calculate the remainder when 621 is divided by 47.
10
What is the remainder when 2265825 is divided by 204?
201
Calculate the remainder when 50839 is divided by 164.
163
What is the remainder when 69115 is divided by 6278?
57
What is the remainder when 2083 is divided by 51?
43
What is the remainder when 404557 is divided by 711?
709
What is the remainder when 3889 is divided by 228?
13
Calculate the remainder when 42947 is divided by 21468.
11
Calculate the remainder when 4038 is divided by 17.
9
Calculate the remainder when 17793 is divided by 5925.
18
Calculate the remainder when 7974 is divided by 831.
495
What is the remainder when 3026 is divided by 254?
232
What is the remainder when 1619 is divided by 12?
11
What is the remainder when 129368 is divided by 53?
48
What is the remainder when 79368 is divided by 9921?
0
What is the remainder when 268963 is divided by 168?
163
Calculate the remainder when 742139 is divided by 19.
18
Calculate the remainder when 333885 is divided by 188.
185
What is the remainder when 679318 is divided by 226436?
10
Calculate the remainder when 58386 is divided by 4170.
6
Calculate the remainder when 981337 is divided by 219.
217
What is the remainder when 64884 is divided by 243?
3
Calculate the remainder when 550 is divided by 278.
272
Calculate the remainder when 41043 is divided by 78.
15
What is the remainder when 19757 is divided by 76?
73
What is the remainder when 14875 is divided by 7340?
195
Calculate the remainder when 182471 is divided by 548.
535
Calculate the remainder when 12414 is divided by 32.
30
What is the remainder when 1733 is divided by 173?
3
Calculate the remainder when 5300 is divided by 96.
20
What is the remainder when 184300 is divided by 195?
25
What is the remainder when 49282 is divided by 480?
322
Calculate the remainder when 29227 is divided by 1461.
7
What is the remainder when 14629 is divided by 266?
265
Calculate the remainder when 7203 is divided by 34.
29
Calculate the remainder when 113520 is divided by 281.
277
What is the remainder when 6319 is divided by 3158?
3
What is the remainder when 74829 is divided by 17?
12
Calculate the remainder when 894 is divided by 329.
236
What is the remainder when 6628289 is divided by 327?
326
What is the remainder when 2041 is divided by 960?
121
Calculate the remainder when 13702 is divided by 292.
270
What is the remainder when 41169 is divided by 5880?
9
What is the remainder when 746 is divided by 233?
47
What is the remainder when 2286559 is divided by 571637?
11
What is the remainder when 14297 is divided by 8?
1
What is the remainder when 18810 is divided by 190?
0
What is the remainder when 5429 is divided by 1805?
14
Calculate the remainder when 154616 is divided by 859.
855
What is the remainder when 19977 is divided by 6?
3
What is the remainder when 79659 is divided by 41?
37
Calculate the remainder when 31986 is divided by 54.
18
What is the remainder when 2522353 is divided by 55?
53
Calculate the remainder when 160018 is divided by 904.
10
Calculate the remainder when 7991 is divided by 7973.
18
What is the remainder when 1171 is divided by 478?
215
Calculate the remainder when 794571 is divided by 542.
541
What is the remainder when 135435 is divided by 20?
15
What is the remainder when 27163 is divided by 3878?
17
Calculate the remainder when 72899 is divided by 701.
696
Calculate the remainder when 8892 is divided by 8804.
88
Calculate the remainder when 107130 is divided by 24.
18
Calculate the remainder when 99900 is divided by 8324.
12
Calculate the remainder when 9022 is divided by 308.
90
Calculate the remainder when 4915 is divided by 15.
10
Calculate the remainder when 196523 is divided by 212.
211
What is the remainder when 29192 is divided by 360?
32
What is the remainder when 94228 is divided by 146?
58
What is the remainder when 453 is divided by 309?
144
Calculate the remainder when 512 is divided by 101.
7
Calculate the remainder when 22103 is divided by 22047.
56
Calculate the remainder when 1929 is divided by 699.
531
Calculate the remainder when 47929 is divided by 122.
105
Calculate the remainder when 316 is divided by 16.
12
What is the remainder when 39017 is divided by 81?
56
Calculate the remainder when 22040 is divided by 143.
18
Calculate the remainder when 172189 is divided by 6377.
10
Calculate the remainder when 483 is divided by 66.
21
What is the remainder when 192723 is divided by 27?
24
What is the remainder when 6301 is divided by 32?
29
Calculate the remainder when 388592 is divided by 318.
314
Calculate the remainder when 1794 is divided by 188.
102
What is the remainder when 115075 is divided by 840?
835
What is the remainder when 1211 is divided by 58?
51
Calculate the remainder when 263143 is divided by 377.
374
Calculate the remainder when 1462 is divided by 672.
118
What is the remainder when 23350 is divided by 12?
10
What is the remainder when 6949 is divided by 98?
89
What is the remainder when 112645 is divided by 8?
5
What is the remainder when 42444 is divided by 27?
0
Calculate the remainder when 801683 is divided by 12.
11
What is the remainder when 2238 is divided by 2023?
215
What is the remainder when 149319 is divided by 16589?
18
What is the remainder when 4892 is divided by 347?
34
What is the remainder when 5372 is divided by 5266?
106
What is the remainder when 23928 